{"id":52,"date":"2020-09-15T09:51:01","date_gmt":"2020-09-15T09:51:01","guid":{"rendered":"http:\/\/mexiko2025.reisen-hg.de\/?page_id=52"},"modified":"2025-01-14T19:06:11","modified_gmt":"2025-01-14T18:06:11","slug":"home-2-2","status":"publish","type":"page","link":"https:\/\/mexiko2025.reisen-hg.de\/","title":{"rendered":"Startseite"},"content":{"rendered":"\n<figure class=\"wp-block-image size-full is-resized\"><img loading=\"lazy\" decoding=\"async\" width=\"612\" height=\"298\" src=\"http:\/\/mexiko2025.reisen-hg.de\/wp-content\/uploads\/2025\/01\/IMG_6806-1.jpeg\" alt=\"\" class=\"wp-image-58\" style=\"object-fit:cover;width:975px;height:500px\" srcset=\"https:\/\/mexiko2025.reisen-hg.de\/wp-content\/uploads\/2025\/01\/IMG_6806-1.jpeg 612w, https:\/\/mexiko2025.reisen-hg.de\/wp-content\/uploads\/2025\/01\/IMG_6806-1-300x146.jpeg 300w\" sizes=\"auto, (max-width: 612px) 100vw, 612px\" \/><figcaption class=\"wp-element-caption\">Strolling around Mexico<\/figcaption><\/figure>\n\n\n\n<h5 class=\"wp-block-heading has-text-align-center has-medium-font-size\">Reise vor dem Sterben, sonst reisen deine Erben<\/h5>\n\n\n\n<div class=\"inherit-container-width wp-block-group has-ast-global-color-5-background-color has-background is-layout-constrained wp-block-group-is-layout-constrained\">\n<h5 class=\"wp-block-heading has-text-align-center\">Bisherige Reisen<\/h5>\n\n\n\n<figure class=\"wp-block-gallery has-nested-images columns-default is-cropped wp-block-gallery-1 is-layout-flex wp-block-gallery-is-layout-flex\">\n<figure class=\"wp-block-image size-large\"><img loading=\"lazy\" decoding=\"async\" width=\"2560\" height=\"1920\" data-id=\"11\" src=\"http:\/\/mexiko2025.reisen-hg.de\/wp-content\/uploads\/2025\/01\/Malin-Losinj-2-scaled-1.jpeg\" alt=\"\" class=\"wp-image-11\" srcset=\"https:\/\/mexiko2025.reisen-hg.de\/wp-content\/uploads\/2025\/01\/Malin-Losinj-2-scaled-1.jpeg 2560w, https:\/\/mexiko2025.reisen-hg.de\/wp-content\/uploads\/2025\/01\/Malin-Losinj-2-scaled-1-300x225.jpeg 300w, https:\/\/mexiko2025.reisen-hg.de\/wp-content\/uploads\/2025\/01\/Malin-Losinj-2-scaled-1-1024x768.jpeg 1024w, https:\/\/mexiko2025.reisen-hg.de\/wp-content\/uploads\/2025\/01\/Malin-Losinj-2-scaled-1-768x576.jpeg 768w, https:\/\/mexiko2025.reisen-hg.de\/wp-content\/uploads\/2025\/01\/Malin-Losinj-2-scaled-1-1536x1152.jpeg 1536w, https:\/\/mexiko2025.reisen-hg.de\/wp-content\/uploads\/2025\/01\/Malin-Losinj-2-scaled-1-2048x1536.jpeg 2048w\" sizes=\"auto, (max-width: 2560px) 100vw, 2560px\" \/><figcaption class=\"wp-element-caption\">Am Strand von Mali Lo\u0161inj<\/figcaption><\/figure>\n\n\n\n<figure class=\"wp-block-image size-large\"><img loading=\"lazy\" decoding=\"async\" width=\"1600\" height=\"1200\" data-id=\"12\" src=\"http:\/\/mexiko2025.reisen-hg.de\/wp-content\/uploads\/2025\/01\/C58E9CF5-DDA0-4DFB-97EE-5552551E1F92-scaled-2-e1666112704634.jpeg\" alt=\"\" class=\"wp-image-12\" srcset=\"https:\/\/mexiko2025.reisen-hg.de\/wp-content\/uploads\/2025\/01\/C58E9CF5-DDA0-4DFB-97EE-5552551E1F92-scaled-2-e1666112704634.jpeg 1600w, https:\/\/mexiko2025.reisen-hg.de\/wp-content\/uploads\/2025\/01\/C58E9CF5-DDA0-4DFB-97EE-5552551E1F92-scaled-2-e1666112704634-300x225.jpeg 300w, https:\/\/mexiko2025.reisen-hg.de\/wp-content\/uploads\/2025\/01\/C58E9CF5-DDA0-4DFB-97EE-5552551E1F92-scaled-2-e1666112704634-1024x768.jpeg 1024w, https:\/\/mexiko2025.reisen-hg.de\/wp-content\/uploads\/2025\/01\/C58E9CF5-DDA0-4DFB-97EE-5552551E1F92-scaled-2-e1666112704634-768x576.jpeg 768w, https:\/\/mexiko2025.reisen-hg.de\/wp-content\/uploads\/2025\/01\/C58E9CF5-DDA0-4DFB-97EE-5552551E1F92-scaled-2-e1666112704634-1536x1152.jpeg 1536w\" sizes=\"auto, (max-width: 1600px) 100vw, 1600px\" \/><figcaption class=\"wp-element-caption\">An der Stadtmauer in Beaune<\/figcaption><\/figure>\n\n\n\n<figure class=\"wp-block-image size-large\"><img loading=\"lazy\" decoding=\"async\" width=\"2560\" height=\"1920\" data-id=\"13\" src=\"http:\/\/mexiko2025.reisen-hg.de\/wp-content\/uploads\/2025\/01\/Etretat-scaled-2-1.jpeg\" alt=\"\" class=\"wp-image-13\" srcset=\"https:\/\/mexiko2025.reisen-hg.de\/wp-content\/uploads\/2025\/01\/Etretat-scaled-2-1.jpeg 2560w, https:\/\/mexiko2025.reisen-hg.de\/wp-content\/uploads\/2025\/01\/Etretat-scaled-2-1-300x225.jpeg 300w, https:\/\/mexiko2025.reisen-hg.de\/wp-content\/uploads\/2025\/01\/Etretat-scaled-2-1-1024x768.jpeg 1024w, https:\/\/mexiko2025.reisen-hg.de\/wp-content\/uploads\/2025\/01\/Etretat-scaled-2-1-768x576.jpeg 768w, https:\/\/mexiko2025.reisen-hg.de\/wp-content\/uploads\/2025\/01\/Etretat-scaled-2-1-1536x1152.jpeg 1536w, https:\/\/mexiko2025.reisen-hg.de\/wp-content\/uploads\/2025\/01\/Etretat-scaled-2-1-2048x1536.jpeg 2048w\" sizes=\"auto, (max-width: 2560px) 100vw, 2560px\" \/><figcaption class=\"wp-element-caption\">K\u00fcste in Etretat<\/figcaption><\/figure>\n<\/figure>\n\n\n\n<div class=\"wp-block-columns is-layout-flex wp-container-core-columns-is-layout-28f84493 wp-block-columns-is-layout-flex\">\n<div class=\"wp-block-column is-layout-flow wp-block-column-is-layout-flow\">\n<p class=\"has-text-align-center\"><strong>Kroatien im Fr\u00fchjahr 2022<\/strong><\/p>\n\n\n\n<p class=\"has-text-align-center\">Von Ende M\u00e4rz bis Ende April waren wir 4 Wochen in Slowenien, Kroatien und Italien unterwegs.<\/p>\n\n\n\n<p><a href=\"http:\/\/suedfrankreich2022.camper-urlaub-rh.de\">kroatienurlaub2022.camper-urlaub-rh.de<\/a><\/p>\n<\/div>\n\n\n\n<div class=\"wp-block-column is-layout-flow wp-block-column-is-layout-flow\">\n<p class=\"has-text-align-center\"><strong>S\u00fcdfrankreich Sept. 2022<\/strong><\/p>\n\n\n\n<p class=\"has-text-align-center\">4 Wochentrip von Stra\u00dfburg bis an die Cote d&#8217;Azur mit Stationen in Colmar, Beaune, Ardeche, Avignon.<\/p>\n\n\n\n<p><a href=\"http:\/\/suedfrankreich2022.camper-urlaub-rh.de\">suedfrankreich2022.camper-urlaub-rh.de<\/a><\/p>\n<\/div>\n\n\n\n<div class=\"wp-block-column is-layout-flow wp-block-column-is-layout-flow\">\n<p class=\"has-text-align-center\"><strong>Alabasterk\u00fcste Juni 2022<\/strong><\/p>\n\n\n\n<p class=\"has-text-align-center\">2 &#8211; Wochentrip \u00fcber Br\u00fcgge an die belgische Nordseek\u00fcste entlang der Alabasterk\u00fcste bis nach Etretat.<\/p>\n\n\n\n<p><a href=\"http:\/\/suedfrankreich2022.camper-urlaub-rh.de\">alabasterkueste2022.camper-urlaub-rh.de<\/a><\/p>\n<\/div>\n<\/div>\n\n\n\n<figure class=\"wp-block-gallery has-nested-images columns-default is-cropped wp-block-gallery-2 is-layout-flex wp-block-gallery-is-layout-flex\">\n<figure class=\"wp-block-image size-large\"><img loading=\"lazy\" decoding=\"async\" width=\"2560\" height=\"1920\" data-id=\"51\" src=\"http:\/\/mexiko2025.reisen-hg.de\/wp-content\/uploads\/2025\/01\/IMG_2961-scaled-2.jpeg\" alt=\"\" class=\"wp-image-51\" srcset=\"https:\/\/mexiko2025.reisen-hg.de\/wp-content\/uploads\/2025\/01\/IMG_2961-scaled-2.jpeg 2560w, https:\/\/mexiko2025.reisen-hg.de\/wp-content\/uploads\/2025\/01\/IMG_2961-scaled-2-300x225.jpeg 300w, https:\/\/mexiko2025.reisen-hg.de\/wp-content\/uploads\/2025\/01\/IMG_2961-scaled-2-1024x768.jpeg 1024w, https:\/\/mexiko2025.reisen-hg.de\/wp-content\/uploads\/2025\/01\/IMG_2961-scaled-2-768x576.jpeg 768w, https:\/\/mexiko2025.reisen-hg.de\/wp-content\/uploads\/2025\/01\/IMG_2961-scaled-2-1536x1152.jpeg 1536w, https:\/\/mexiko2025.reisen-hg.de\/wp-content\/uploads\/2025\/01\/IMG_2961-scaled-2-2048x1536.jpeg 2048w\" sizes=\"auto, (max-width: 2560px) 100vw, 2560px\" \/><\/figure>\n\n\n\n<figure class=\"wp-block-image size-full\"><img loading=\"lazy\" decoding=\"async\" width=\"2560\" height=\"1920\" data-id=\"15\" src=\"http:\/\/mexiko2025.reisen-hg.de\/wp-content\/uploads\/2025\/01\/IMG_1067-1-scaled.jpeg\" alt=\"\" class=\"wp-image-15\" srcset=\"https:\/\/mexiko2025.reisen-hg.de\/wp-content\/uploads\/2025\/01\/IMG_1067-1-scaled.jpeg 2560w, https:\/\/mexiko2025.reisen-hg.de\/wp-content\/uploads\/2025\/01\/IMG_1067-1-300x225.jpeg 300w, https:\/\/mexiko2025.reisen-hg.de\/wp-content\/uploads\/2025\/01\/IMG_1067-1-1024x768.jpeg 1024w, https:\/\/mexiko2025.reisen-hg.de\/wp-content\/uploads\/2025\/01\/IMG_1067-1-768x576.jpeg 768w, https:\/\/mexiko2025.reisen-hg.de\/wp-content\/uploads\/2025\/01\/IMG_1067-1-1536x1152.jpeg 1536w, https:\/\/mexiko2025.reisen-hg.de\/wp-content\/uploads\/2025\/01\/IMG_1067-1-2048x1536.jpeg 2048w\" sizes=\"auto, (max-width: 2560px) 100vw, 2560px\" \/><\/figure>\n\n\n\n<figure class=\"wp-block-image size-full\"><img loading=\"lazy\" decoding=\"async\" width=\"2560\" height=\"1440\" data-id=\"16\" src=\"http:\/\/mexiko2025.reisen-hg.de\/wp-content\/uploads\/2025\/01\/IMG_2029-1-scaled.jpeg\" alt=\"\" class=\"wp-image-16\" srcset=\"https:\/\/mexiko2025.reisen-hg.de\/wp-content\/uploads\/2025\/01\/IMG_2029-1-scaled.jpeg 2560w, https:\/\/mexiko2025.reisen-hg.de\/wp-content\/uploads\/2025\/01\/IMG_2029-1-300x169.jpeg 300w, https:\/\/mexiko2025.reisen-hg.de\/wp-content\/uploads\/2025\/01\/IMG_2029-1-1024x576.jpeg 1024w, https:\/\/mexiko2025.reisen-hg.de\/wp-content\/uploads\/2025\/01\/IMG_2029-1-768x432.jpeg 768w, https:\/\/mexiko2025.reisen-hg.de\/wp-content\/uploads\/2025\/01\/IMG_2029-1-1536x864.jpeg 1536w, https:\/\/mexiko2025.reisen-hg.de\/wp-content\/uploads\/2025\/01\/IMG_2029-1-2048x1152.jpeg 2048w\" sizes=\"auto, (max-width: 2560px) 100vw, 2560px\" \/><\/figure>\n<\/figure>\n<\/div>\n\n\n\n<div class=\"wp-block-columns are-vertically-aligned-top is-layout-flex wp-container-core-columns-is-layout-28f84493 wp-block-columns-is-layout-flex\">\n<div class=\"wp-block-column is-vertically-aligned-top is-layout-flow wp-block-column-is-layout-flow\">\n<p class=\"has-text-align-center\"><strong>Marokko Mai 2024<\/strong><br>2 &#8211; Wochentrip mit der Familie in Marokko<\/p>\n\n\n\n<p class=\"has-text-align-center\"><br><a href=\"http:\/\/alabasterkueste2022.camper-urlaub-rh.de\">marokko2024.reisen-hg.de<\/a><\/p>\n<\/div>\n\n\n\n<div class=\"wp-block-column is-vertically-aligned-top is-layout-flow wp-block-column-is-layout-flow\">\n<p class=\"has-text-align-center\"><strong>Argentien Januar 2023<\/strong><br>2 &#8211; Wochentrip \u00fcber Br\u00fcgge an die belgische Nordseek\u00fcste entlang der Alabasterk\u00fcste bis nach Etretat<br><a href=\"http:\/\/alabasterkueste2022.camper-urlaub-rh.de\">argentinien2023.reisen-hg.de<\/a><\/p>\n<\/div>\n\n\n\n<div class=\"wp-block-column is-vertically-aligned-top is-layout-flow wp-block-column-is-layout-flow\">\n<p class=\"has-text-align-center\"><strong>Italien September 2023<\/strong><br>4 &#8211; Wochentrip \u00fcber die Schweiz an den Comer, Florenz bis auf die Insel Elba<br><a href=\"http:\/\/italien2023.camper-urlaub-rh.de\">http:\/\/italien2023.camper-urlaub-rh.de<\/a><\/p>\n<\/div>\n<\/div>\n\n\n\n<p><\/p>\n","protected":false},"excerpt":{"rendered":"<p>Reise vor dem Sterben, sonst reisen deine Erben Bisherige Reisen Kroatien im Fr\u00fchjahr 2022 Von Ende M\u00e4rz bis Ende April waren wir 4 Wochen in Slowenien, Kroatien und Italien unterwegs. kroatienurlaub2022.camper-urlaub-rh.de S\u00fcdfrankreich Sept. 2022 4 Wochentrip von Stra\u00dfburg bis an die Cote d&#8217;Azur mit Stationen in Colmar, Beaune, Ardeche, Avignon. suedfrankreich2022.camper-urlaub-rh.de Alabasterk\u00fcste Juni 2022 2 [&hellip;]<\/p>\n","protected":false},"author":1,"featured_media":0,"parent":0,"menu_order":0,"comment_status":"closed","ping_status":"closed","template":"","meta":{"site-sidebar-layout":"no-sidebar","site-content-layout":"plain-container","ast-site-content-layout":"normal-width-container","site-content-style":"unboxed","site-sidebar-style":"unboxed","ast-global-header-display":"","ast-banner-title-visibility":"","ast-main-header-display":"","ast-hfb-above-header-display":"","ast-hfb-below-header-display":"","ast-hfb-mobile-header-display":"","site-post-title":"disabled","ast-breadcrumbs-content":"","ast-featured-img":"","footer-sml-layout":"","theme-transparent-header-meta":"enabled","adv-header-id-meta":"","stick-header-meta":"","header-above-stick-meta":"","header-main-stick-meta":"","header-below-stick-meta":"","astra-migrate-meta-layouts":"set","ast-page-background-enabled":"default","ast-page-background-meta":{"desktop":{"background-color":"var(--ast-global-color-5)","background-image":"","background-repeat":"repeat","background-position":"center center","background-size":"auto","background-attachment":"scroll","background-type":"","background-media":"","overlay-type":"","overlay-color":"","overlay-opacity":"","overlay-gradient":""},"tablet":{"background-color":"","background-image":"","background-repeat":"repeat","background-position":"center center","background-size":"auto","background-attachment":"scroll","background-type":"","background-media":"","overlay-type":"","overlay-color":"","overlay-opacity":"","overlay-gradient":""},"mobile":{"background-color":"","background-image":"","background-repeat":"repeat","background-position":"center center","background-size":"auto","background-attachment":"scroll","background-type":"","background-media":"","overlay-type":"","overlay-color":"","overlay-opacity":"","overlay-gradient":""}},"ast-content-background-meta":{"desktop":{"background-color":"var(--ast-global-color-4)","background-image":"","background-repeat":"repeat","background-position":"center center","background-size":"auto","background-attachment":"scroll","background-type":"","background-media":"","overlay-type":"","overlay-color":"","overlay-opacity":"","overlay-gradient":""},"tablet":{"background-color":"var(--ast-global-color-4)","background-image":"","background-repeat":"repeat","background-position":"center center","background-size":"auto","background-attachment":"scroll","background-type":"","background-media":"","overlay-type":"","overlay-color":"","overlay-opacity":"","overlay-gradient":""},"mobile":{"background-color":"var(--ast-global-color-4)","background-image":"","background-repeat":"repeat","background-position":"center center","background-size":"auto","background-attachment":"scroll","background-type":"","background-media":"","overlay-type":"","overlay-color":"","overlay-opacity":"","overlay-gradient":""}},"footnotes":""},"class_list":["post-52","page","type-page","status-publish","hentry"],"_links":{"self":[{"href":"https:\/\/mexiko2025.reisen-hg.de\/index.php?rest_route=\/wp\/v2\/pages\/52","targetHints":{"allow":["GET"]}}],"collection":[{"href":"https:\/\/mexiko2025.reisen-hg.de\/index.php?rest_route=\/wp\/v2\/pages"}],"about":[{"href":"https:\/\/mexiko2025.reisen-hg.de\/index.php?rest_route=\/wp\/v2\/types\/page"}],"author":[{"embeddable":true,"href":"https:\/\/mexiko2025.reisen-hg.de\/index.php?rest_route=\/wp\/v2\/users\/1"}],"replies":[{"embeddable":true,"href":"https:\/\/mexiko2025.reisen-hg.de\/index.php?rest_route=%2Fwp%2Fv2%2Fcomments&post=52"}],"version-history":[{"count":1,"href":"https:\/\/mexiko2025.reisen-hg.de\/index.php?rest_route=\/wp\/v2\/pages\/52\/revisions"}],"predecessor-version":[{"id":60,"href":"https:\/\/mexiko2025.reisen-hg.de\/index.php?rest_route=\/wp\/v2\/pages\/52\/revisions\/60"}],"wp:attachment":[{"href":"https:\/\/mexiko2025.reisen-hg.de\/index.php?rest_route=%2Fwp%2Fv2%2Fmedia&parent=52"}],"curies":[{"name":"wp","href":"https:\/\/api.w.org\/{rel}","templated":true}]}}